{"id":92,"date":"2023-04-14T13:33:57","date_gmt":"2023-04-14T13:33:57","guid":{"rendered":"https:\/\/www.mondeoturkiye.com\/?page_id=92"},"modified":"2025-06-24T09:49:09","modified_gmt":"2025-06-24T09:49:09","slug":"ana-sayfa","status":"publish","type":"page","link":"https:\/\/www.mondeoturkiye.com\/","title":{"rendered":"ANASAYFA"},"content":{"rendered":"\t\t<div data-elementor-type=\"wp-page\" data-elementor-id=\"92\" class=\"elementor elementor-92\">\n\t\t\t\t\t\t<section class=\"elementor-section elementor-top-section elementor-element elementor-element-970fba5 elementor-section-boxed elementor-section-height-default elementor-section-height-default\" data-id=\"970fba5\" data-element_type=\"section\">\n\t\t\t\t\t\t<div class=\"elementor-container elementor-column-gap-default\">\n\t\t\t\t\t<div class=\"elementor-column elementor-col-100 elementor-top-column elementor-element elementor-element-9791096\" data-id=\"9791096\" data-element_type=\"column\">\n\t\t\t<div class=\"elementor-widget-wrap elementor-element-populated\">\n\t\t\t\t\t\t<div class=\"elementor-element elementor-element-d732d1c elementor-widget elementor-widget-image\" data-id=\"d732d1c\" data-element_type=\"widget\" data-widget_type=\"image.default\">\n\t\t\t\t<div class=\"elementor-widget-container\">\n\t\t\t\t\t\t\t\t\t\t\t\t\t\t\t<img fetchpriority=\"high\" decoding=\"async\" width=\"980\" height=\"317\" src=\"https:\/\/www.mondeoturkiye.com\/wp-content\/uploads\/2025\/06\/bemer-kopya-1024x331.jpg\" class=\"attachment-large size-large wp-image-845\" alt=\"\" srcset=\"https:\/\/www.mondeoturkiye.com\/wp-content\/uploads\/2025\/06\/bemer-kopya-1024x331.jpg 1024w, https:\/\/www.mondeoturkiye.com\/wp-content\/uploads\/2025\/06\/bemer-kopya-300x97.jpg 300w, https:\/\/www.mondeoturkiye.com\/wp-content\/uploads\/2025\/06\/bemer-kopya-768x248.jpg 768w, https:\/\/www.mondeoturkiye.com\/wp-content\/uploads\/2025\/06\/bemer-kopya-1536x497.jpg 1536w, https:\/\/www.mondeoturkiye.com\/wp-content\/uploads\/2025\/06\/bemer-kopya-2048x663.jpg 2048w, https:\/\/www.mondeoturkiye.com\/wp-content\/uploads\/2025\/06\/bemer-kopya-1320x427.jpg 1320w, https:\/\/www.mondeoturkiye.com\/wp-content\/uploads\/2025\/06\/bemer-kopya-416x135.jpg 416w\" sizes=\"(max-width: 980px) 100vw, 980px\" \/>\t\t\t\t\t\t\t\t\t\t\t\t\t\t\t<\/div>\n\t\t\t\t<\/div>\n\t\t\t\t<div class=\"elementor-element elementor-element-5d10673 elementor-widget__width-initial elementor-widget elementor-widget-image\" data-id=\"5d10673\" data-element_type=\"widget\" data-widget_type=\"image.default\">\n\t\t\t\t<div class=\"elementor-widget-container\">\n\t\t\t\t\t\t\t\t\t\t\t\t\t\t\t<img decoding=\"async\" width=\"709\" height=\"276\" src=\"https:\/\/www.mondeoturkiye.com\/wp-content\/uploads\/2023\/06\/kargo.jpg\" class=\"attachment-large size-large wp-image-405\" alt=\"\" srcset=\"https:\/\/www.mondeoturkiye.com\/wp-content\/uploads\/2023\/06\/kargo.jpg 709w, https:\/\/www.mondeoturkiye.com\/wp-content\/uploads\/2023\/06\/kargo-300x117.jpg 300w, https:\/\/www.mondeoturkiye.com\/wp-content\/uploads\/2023\/06\/kargo-416x162.jpg 416w\" sizes=\"(max-width: 709px) 100vw, 709px\" \/>\t\t\t\t\t\t\t\t\t\t\t\t\t\t\t<\/div>\n\t\t\t\t<\/div>\n\t\t\t\t\t<\/div>\n\t\t<\/div>\n\t\t\t\t\t<\/div>\n\t\t<\/section>\n\t\t\t\t<section class=\"elementor-section elementor-top-section elementor-element elementor-element-d11dbf0 elementor-section-boxed elementor-section-height-default elementor-section-height-default\" data-id=\"d11dbf0\" data-element_type=\"section\">\n\t\t\t\t\t\t<div class=\"elementor-container elementor-column-gap-default\">\n\t\t\t\t\t<div class=\"elementor-column elementor-col-100 elementor-top-column elementor-element elementor-element-f117809\" data-id=\"f117809\" data-element_type=\"column\">\n\t\t\t<div class=\"elementor-widget-wrap elementor-element-populated\">\n\t\t\t\t\t\t<div class=\"elementor-element elementor-element-ace0e72 eael-product-gallery-column-3 elementor-widget elementor-widget-eael-woo-product-gallery\" data-id=\"ace0e72\" data-element_type=\"widget\" data-settings=\"{&quot;eael_product_gallery_column&quot;:&quot;3&quot;}\" data-widget_type=\"eael-woo-product-gallery.default\">\n\t\t\t\t<div class=\"elementor-widget-container\">\n\t\t\t\t\t\n        <div class=\"eael-product-gallery eael-product-preset-1 masonry eael-terms-layout-horizontal\" id=\"eael-product-gallery\" data-widget-id=\"ace0e72\" data-page-id=\"92\" data-nonce=\"fabd3d6573\" >\n\t\t\t<ul class=\"eael-cat-tab\" data-layout=\"masonry\" data-template=\"{&quot;dir&quot;:&quot;lite&quot;,&quot;file_name&quot;:&quot;preset-1.php&quot;,&quot;name&quot;:&quot;Woo-Product-Gallery&quot;}\" data-nonce=\"fabd3d6573\" data-page-id=\"92\" data-widget-id=\"ace0e72\" data-widget=\"ace0e72\" data-class=\"Essential_Addons_Elementor\\Elements\\Woo_Product_Gallery\" data-args=\"post_type=product&amp;post_status%5B0%5D=publish&amp;post_status%5B1%5D=pending&amp;post_status%5B2%5D=future&amp;posts_per_page=3&amp;order=desc&amp;offset=0&amp;tax_query%5Brelation%5D=AND&amp;tax_query%5B0%5D%5Btaxonomy%5D=product_visibility&amp;tax_query%5B0%5D%5Bfield%5D=name&amp;tax_query%5B0%5D%5Bterms%5D%5B0%5D=exclude-from-search&amp;tax_query%5B0%5D%5Bterms%5D%5B1%5D=exclude-from-catalog&amp;tax_query%5B0%5D%5Boperator%5D=NOT+IN&amp;orderby=date&amp;meta_query%5Brelation%5D=AND\" data-page=\"1\"><li><a href=\"javascript:;\" data-taxonomy=\"all\" data-page=\"1\" data-tagid=\"\" data-id=\"\" class=\"active post-list-filter-item post-list-cat-ace0e72\">All<\/a><\/li><\/ul>\n            <div class=\"woocommerce\">\n\t\t\t\t<ul class=\"products eael-post-appender eael-post-appender-ace0e72\" data-layout-mode=\"masonry\" data-ssi-desktop=\"no\" >\n<li class=\"product  post-542 type-product status-publish has-post-thumbnail product_cat-far-aydinlatma product_cat-mondeo-4 product_cat-yedek-parca first instock shipping-taxable purchasable product-type-simple\">\n<div class=\"eael-product-wrap\" data-src=\"\" data-src-hover=\"\" >\n        <div class=\"product-image-wrap\">\n        <div class=\"image-wrap\">\n            <img decoding=\"async\" width=\"300\" height=\"300\" src=\"https:\/\/www.mondeoturkiye.com\/wp-content\/uploads\/2024\/04\/H30da87cece1f47eca443236666c7ac90Q-300x300.jpg\" class=\"attachment-medium size-medium\" alt=\"MONDEO MK4 FAR CAMI TAKIM 2008-2014\" loading=\"eager\" srcset=\"https:\/\/www.mondeoturkiye.com\/wp-content\/uploads\/2024\/04\/H30da87cece1f47eca443236666c7ac90Q-300x300.jpg 300w, https:\/\/www.mondeoturkiye.com\/wp-content\/uploads\/2024\/04\/H30da87cece1f47eca443236666c7ac90Q-150x150.jpg 150w, https:\/\/www.mondeoturkiye.com\/wp-content\/uploads\/2024\/04\/H30da87cece1f47eca443236666c7ac90Q-768x768.jpg 768w, https:\/\/www.mondeoturkiye.com\/wp-content\/uploads\/2024\/04\/H30da87cece1f47eca443236666c7ac90Q-324x324.jpg 324w, https:\/\/www.mondeoturkiye.com\/wp-content\/uploads\/2024\/04\/H30da87cece1f47eca443236666c7ac90Q-416x416.jpg 416w, https:\/\/www.mondeoturkiye.com\/wp-content\/uploads\/2024\/04\/H30da87cece1f47eca443236666c7ac90Q-100x100.jpg 100w, https:\/\/www.mondeoturkiye.com\/wp-content\/uploads\/2024\/04\/H30da87cece1f47eca443236666c7ac90Q.jpg 960w\" sizes=\"(max-width: 300px) 100vw, 300px\" \/>        <\/div>\n        <div class=\"image-hover-wrap\">\n            <ul class=\"icons-wrap over-box-style\">\n                                    <li class=\"add-to-cart\"><a href=\"?add-to-cart=542\" aria-describedby=\"woocommerce_loop_add_to_cart_link_describedby_542\" data-quantity=\"1\" class=\"button product_type_simple add_to_cart_button ajax_add_to_cart\" data-product_id=\"542\" data-product_sku=\"\" aria-label=\"Sepete ekle: \u201cMONDEO MK4 FAR CAMI TAKIM 2008-2014\u201d\" rel=\"nofollow\" data-success_message=\"&quot;MONDEO MK4 FAR CAMI TAKIM 2008-2014&quot; sepetinize eklendi\">Sepete Ekle<\/a>\t<span id=\"woocommerce_loop_add_to_cart_link_describedby_542\" class=\"screen-reader-text\">\n\t\t\t<\/span>\n<\/li>\n                                                    <li class=\"eael-product-quick-view\">\n                        <a id=\"eael_quick_view_69f49f8038508\" data-quickview-setting=\"{&quot;widget_id&quot;:&quot;ace0e72&quot;,&quot;product_id&quot;:542,&quot;page_id&quot;:92}\"\n                            class=\"eael-product-gallery-open-popup open-popup-link\">\n                            <i class=\"fas fa-eye\"><\/i>\n                        <\/a>\n                    <\/li>\n                                                    <li class=\"view-details\"><a href=\"https:\/\/www.mondeoturkiye.com\/?product=mondeo-mk4-far-cami-takim-2008-2014\" aria-label=\"View Details about MONDEO MK4 FAR CAMI TAKIM 2008-2014\" ><i class=\"fas fa-link\"><\/i><\/a><\/li>\n                            <\/ul>\n        <\/div>\n    <\/div>\n    <div class=\"product-details-wrap\">\n        <div class=\"eael-product-price\"><span class=\"woocommerce-Price-amount amount\"><bdi><span class=\"woocommerce-Price-currencySymbol\">&#8378;<\/span>5.000,00<\/bdi><\/span><\/div>        <div class=\"eael-product-title\">\n            <a href=\"https:\/\/www.mondeoturkiye.com\/?product=mondeo-mk4-far-cami-takim-2008-2014\" class=\"woocommerce-LoopProduct-link woocommerce-loop-product__link\"><h2>MONDEO MK4 FAR CAMI TAKIM 2008-2014<\/h2><\/a>        <\/div>\n    <\/div>\n\n    <\/div>\n<\/li>\n<li class=\"product  post-454 type-product status-publish has-post-thumbnail product_cat-mondeo-2-yedek-parca instock shipping-taxable purchasable product-type-simple\">\n<div class=\"eael-product-wrap\" data-src=\"\" data-src-hover=\"\" >\n        <div class=\"product-image-wrap\">\n        <div class=\"image-wrap\">\n            <img decoding=\"async\" width=\"300\" height=\"145\" src=\"https:\/\/www.mondeoturkiye.com\/wp-content\/uploads\/2023\/12\/395442723_849653717164361_472366924406035725_n-300x145.jpg\" class=\"attachment-medium size-medium\" alt=\"MONDEO MK3 REFLEKT\u00d6RL\u00dc ARKA TAMPON EK\u0130\" loading=\"eager\" srcset=\"https:\/\/www.mondeoturkiye.com\/wp-content\/uploads\/2023\/12\/395442723_849653717164361_472366924406035725_n-300x145.jpg 300w, https:\/\/www.mondeoturkiye.com\/wp-content\/uploads\/2023\/12\/395442723_849653717164361_472366924406035725_n-416x200.jpg 416w, https:\/\/www.mondeoturkiye.com\/wp-content\/uploads\/2023\/12\/395442723_849653717164361_472366924406035725_n.jpg 720w\" sizes=\"(max-width: 300px) 100vw, 300px\" \/>        <\/div>\n        <div class=\"image-hover-wrap\">\n            <ul class=\"icons-wrap over-box-style\">\n                                    <li class=\"add-to-cart\"><a href=\"?add-to-cart=454\" aria-describedby=\"woocommerce_loop_add_to_cart_link_describedby_454\" data-quantity=\"1\" class=\"button product_type_simple add_to_cart_button ajax_add_to_cart\" data-product_id=\"454\" data-product_sku=\"\" aria-label=\"Sepete ekle: \u201cMONDEO MK3 REFLEKT\u00d6RL\u00dc ARKA TAMPON EK\u0130\u201d\" rel=\"nofollow\" data-success_message=\"&quot;MONDEO MK3 REFLEKT\u00d6RL\u00dc ARKA TAMPON EK\u0130&quot; sepetinize eklendi\">Sepete Ekle<\/a>\t<span id=\"woocommerce_loop_add_to_cart_link_describedby_454\" class=\"screen-reader-text\">\n\t\t\t<\/span>\n<\/li>\n                                                    <li class=\"eael-product-quick-view\">\n                        <a id=\"eael_quick_view_69f49f80392ab\" data-quickview-setting=\"{&quot;widget_id&quot;:&quot;ace0e72&quot;,&quot;product_id&quot;:454,&quot;page_id&quot;:92}\"\n                            class=\"eael-product-gallery-open-popup open-popup-link\">\n                            <i class=\"fas fa-eye\"><\/i>\n                        <\/a>\n                    <\/li>\n                                                    <li class=\"view-details\"><a href=\"https:\/\/www.mondeoturkiye.com\/?product=mondeo-mk3-reflektorlu-arka-tampon-eki\" aria-label=\"View Details about MONDEO MK3 REFLEKT\u00d6RL\u00dc ARKA TAMPON EK\u0130\" ><i class=\"fas fa-link\"><\/i><\/a><\/li>\n                            <\/ul>\n        <\/div>\n    <\/div>\n    <div class=\"product-details-wrap\">\n        <div class=\"eael-product-price\"><span class=\"woocommerce-Price-amount amount\"><bdi><span class=\"woocommerce-Price-currencySymbol\">&#8378;<\/span>4.000,00<\/bdi><\/span><\/div>        <div class=\"eael-product-title\">\n            <a href=\"https:\/\/www.mondeoturkiye.com\/?product=mondeo-mk3-reflektorlu-arka-tampon-eki\" class=\"woocommerce-LoopProduct-link woocommerce-loop-product__link\"><h2>MONDEO MK3 REFLEKT\u00d6RL\u00dc ARKA TAMPON EK\u0130<\/h2><\/a>        <\/div>\n    <\/div>\n\n    <\/div>\n<\/li>\n<li class=\"product  post-430 type-product status-publish has-post-thumbnail product_cat-mondeo-2-yedek-parca last instock shipping-taxable purchasable product-type-simple\">\n<div class=\"eael-product-wrap\" data-src=\"\" data-src-hover=\"\" >\n        <div class=\"product-image-wrap\">\n        <div class=\"image-wrap\">\n            <img decoding=\"async\" width=\"300\" height=\"169\" src=\"https:\/\/www.mondeoturkiye.com\/wp-content\/uploads\/2023\/07\/1-300x169.jpeg\" class=\"attachment-medium size-medium\" alt=\"MONDEO MK3 TDCI ALTERNATOR HAREKETL\u0130 RULMAN\" loading=\"eager\" srcset=\"https:\/\/www.mondeoturkiye.com\/wp-content\/uploads\/2023\/07\/1-300x169.jpeg 300w, https:\/\/www.mondeoturkiye.com\/wp-content\/uploads\/2023\/07\/1-1024x576.jpeg 1024w, https:\/\/www.mondeoturkiye.com\/wp-content\/uploads\/2023\/07\/1-768x432.jpeg 768w, https:\/\/www.mondeoturkiye.com\/wp-content\/uploads\/2023\/07\/1-1536x864.jpeg 1536w, https:\/\/www.mondeoturkiye.com\/wp-content\/uploads\/2023\/07\/1-1320x743.jpeg 1320w, https:\/\/www.mondeoturkiye.com\/wp-content\/uploads\/2023\/07\/1-416x234.jpeg 416w, https:\/\/www.mondeoturkiye.com\/wp-content\/uploads\/2023\/07\/1.jpeg 2000w\" sizes=\"(max-width: 300px) 100vw, 300px\" \/>        <\/div>\n        <div class=\"image-hover-wrap\">\n            <ul class=\"icons-wrap over-box-style\">\n                                    <li class=\"add-to-cart\"><a href=\"?add-to-cart=430\" aria-describedby=\"woocommerce_loop_add_to_cart_link_describedby_430\" data-quantity=\"1\" class=\"button product_type_simple add_to_cart_button ajax_add_to_cart\" data-product_id=\"430\" data-product_sku=\"\" aria-label=\"Sepete ekle: \u201cMONDEO MK3 TDCI ALTERNATOR HAREKETL\u0130 RULMAN\u201d\" rel=\"nofollow\" data-success_message=\"&quot;MONDEO MK3 TDCI ALTERNATOR HAREKETL\u0130 RULMAN&quot; sepetinize eklendi\">Sepete Ekle<\/a>\t<span id=\"woocommerce_loop_add_to_cart_link_describedby_430\" class=\"screen-reader-text\">\n\t\t\t<\/span>\n<\/li>\n                                                    <li class=\"eael-product-quick-view\">\n                        <a id=\"eael_quick_view_69f49f8039fed\" data-quickview-setting=\"{&quot;widget_id&quot;:&quot;ace0e72&quot;,&quot;product_id&quot;:430,&quot;page_id&quot;:92}\"\n                            class=\"eael-product-gallery-open-popup open-popup-link\">\n                            <i class=\"fas fa-eye\"><\/i>\n                        <\/a>\n                    <\/li>\n                                                    <li class=\"view-details\"><a href=\"https:\/\/www.mondeoturkiye.com\/?product=mondeo-mk3-tdci-alternator-hareketli-rulman\" aria-label=\"View Details about MONDEO MK3 TDCI ALTERNATOR HAREKETL\u0130 RULMAN\" ><i class=\"fas fa-link\"><\/i><\/a><\/li>\n                            <\/ul>\n        <\/div>\n    <\/div>\n    <div class=\"product-details-wrap\">\n        <div class=\"eael-product-price\"><span class=\"woocommerce-Price-amount amount\"><bdi><span class=\"woocommerce-Price-currencySymbol\">&#8378;<\/span>2.000,00<\/bdi><\/span><\/div>        <div class=\"eael-product-title\">\n            <a href=\"https:\/\/www.mondeoturkiye.com\/?product=mondeo-mk3-tdci-alternator-hareketli-rulman\" class=\"woocommerce-LoopProduct-link woocommerce-loop-product__link\"><h2>MONDEO MK3 TDCI ALTERNATOR HAREKETL\u0130 RULMAN<\/h2><\/a>        <\/div>\n    <\/div>\n\n    <\/div>\n<\/li><\/ul>            <div class=\"eael-load-more-button-wrap eael-force-hide\">\n                <button class=\"eael-load-more-button\" id=\"eael-load-more-btn-ace0e72\" data-widget-id=\"ace0e72\" data-widget=\"ace0e72\" data-page-id=\"92\" data-template=\"{&quot;dir&quot;:&quot;lite&quot;,&quot;file_name&quot;:&quot;preset-1.php&quot;,&quot;name&quot;:&quot;Woo-Product-Gallery&quot;}\" data-class=\"Essential_Addons_Elementor\\Elements\\Woo_Product_Gallery\" data-layout=\"masonry\" data-page=\"1\" data-args=\"post_type=product&amp;post_status%5B0%5D=publish&amp;post_status%5B1%5D=pending&amp;post_status%5B2%5D=future&amp;posts_per_page=3&amp;order=desc&amp;offset=0&amp;tax_query%5Brelation%5D=AND&amp;tax_query%5B0%5D%5Btaxonomy%5D=product_visibility&amp;tax_query%5B0%5D%5Bfield%5D=name&amp;tax_query%5B0%5D%5Bterms%5D%5B0%5D=exclude-from-search&amp;tax_query%5B0%5D%5Bterms%5D%5B1%5D=exclude-from-catalog&amp;tax_query%5B0%5D%5Boperator%5D=NOT+IN&amp;orderby=date&amp;meta_query%5Brelation%5D=AND&amp;found_posts=26\" data-max-page=\"9\">\n                    <span class=\"eael-btn-loader button__loader\"><\/span>\n                    <span class=\"eael_load_more_text\"><\/span>\n                <\/button>\n            <\/div>\n                        <\/div>\n        <\/div>\n        <script type=\"text\/javascript\">\n\t\t\tjQuery(document).ready(function ($) {\n\t\t\t\tvar $scope = jQuery(\".elementor-element-ace0e72\");\n\t\t\t\tvar $products = $('.products', $scope);\n\t\t\t\tvar $layout_mode = $products.data('layout-mode');\n\n\t\t\t\tif ($layout_mode === 'masonry') {\n\t\t\t\t\t\/\/ init isotope\n\t\t\t\t\tvar $isotope_products = $products.isotope({\n\t\t\t\t\t\t                                          itemSelector: \"li.product\",\n\t\t\t\t\t\t                                          layoutMode: $layout_mode,\n\t\t\t\t\t\t                                          percentPosition: true\n\t\t\t\t\t                                          });\n\n\t\t\t\t\t$isotope_products.imagesLoaded().progress(function () {\n\t\t\t\t\t\t$isotope_products.isotope('layout');\n\t\t\t\t\t})\n\n\t\t\t\t\t$(window).on('resize', function () {\n\t\t\t\t\t\t$isotope_products.isotope('layout');\n\t\t\t\t\t});\n\t\t\t\t}\n\t\t\t});\n        <\/script>\n\t\t\t\t\t\t<\/div>\n\t\t\t\t<\/div>\n\t\t\t\t\t<\/div>\n\t\t<\/div>\n\t\t\t\t\t<\/div>\n\t\t<\/section>\n\t\t\t\t<section class=\"elementor-section elementor-top-section elementor-element elementor-element-71ecbdd elementor-section-boxed elementor-section-height-default elementor-section-height-default\" data-id=\"71ecbdd\" data-element_type=\"section\">\n\t\t\t\t\t\t<div class=\"elementor-container elementor-column-gap-default\">\n\t\t\t\t\t<div class=\"elementor-column elementor-col-100 elementor-top-column elementor-element elementor-element-d89c843\" data-id=\"d89c843\" data-element_type=\"column\">\n\t\t\t<div class=\"elementor-widget-wrap elementor-element-populated\">\n\t\t\t\t\t\t<div class=\"elementor-element elementor-element-c260725 elementor-widget elementor-widget-video\" data-id=\"c260725\" data-element_type=\"widget\" data-settings=\"{&quot;youtube_url&quot;:&quot;https:\\\/\\\/www.youtube.com\\\/watch?v=VlciM99WLrE&amp;t=141s&quot;,&quot;video_type&quot;:&quot;youtube&quot;,&quot;controls&quot;:&quot;yes&quot;}\" data-widget_type=\"video.default\">\n\t\t\t\t<div class=\"elementor-widget-container\">\n\t\t\t\t\t\t\t<div class=\"elementor-wrapper elementor-open-inline\">\n\t\t\t<div class=\"elementor-video\"><\/div>\t\t<\/div>\n\t\t\t\t\t\t<\/div>\n\t\t\t\t<\/div>\n\t\t\t\t\t<\/div>\n\t\t<\/div>\n\t\t\t\t\t<\/div>\n\t\t<\/section>\n\t\t\t\t<\/div>\n\t\t","protected":false},"excerpt":{"rendered":"<p>All Add to cart &#8378;4.500,00 MONDEO MK4 FAR CAMI TAKIM 2008-2014 Add to cart &#8378;4.000,00 MONDEO MK3 REFLEKT\u00d6RL\u00dc ARKA TAMPON EK\u0130 Add to cart &#8378;1.800,00 MONDEO MK3 TDCI ALTERNATOR HAREKETL\u0130 RULMAN<\/p>\n","protected":false},"author":1,"featured_media":0,"parent":0,"menu_order":0,"comment_status":"closed","ping_status":"closed","template":"","meta":{"_joinchat":[],"footnotes":""},"class_list":["post-92","page","type-page","status-publish","hentry"],"jetpack_sharing_enabled":true,"_links":{"self":[{"href":"https:\/\/www.mondeoturkiye.com\/index.php?rest_route=\/wp\/v2\/pages\/92","targetHints":{"allow":["GET"]}}],"collection":[{"href":"https:\/\/www.mondeoturkiye.com\/index.php?rest_route=\/wp\/v2\/pages"}],"about":[{"href":"https:\/\/www.mondeoturkiye.com\/index.php?rest_route=\/wp\/v2\/types\/page"}],"author":[{"embeddable":true,"href":"https:\/\/www.mondeoturkiye.com\/index.php?rest_route=\/wp\/v2\/users\/1"}],"replies":[{"embeddable":true,"href":"https:\/\/www.mondeoturkiye.com\/index.php?rest_route=%2Fwp%2Fv2%2Fcomments&post=92"}],"version-history":[{"count":46,"href":"https:\/\/www.mondeoturkiye.com\/index.php?rest_route=\/wp\/v2\/pages\/92\/revisions"}],"predecessor-version":[{"id":848,"href":"https:\/\/www.mondeoturkiye.com\/index.php?rest_route=\/wp\/v2\/pages\/92\/revisions\/848"}],"wp:attachment":[{"href":"https:\/\/www.mondeoturkiye.com\/index.php?rest_route=%2Fwp%2Fv2%2Fmedia&parent=92"}],"curies":[{"name":"wp","href":"https:\/\/api.w.org\/{rel}","templated":true}]}}