{"id":342,"date":"2023-05-02T09:30:46","date_gmt":"2023-05-02T09:30:46","guid":{"rendered":"https:\/\/www.mondeoturkiye.com\/?post_type=product&#038;p=342"},"modified":"2025-06-24T09:50:42","modified_gmt":"2025-06-24T09:50:42","slug":"mondeo-mk3-4-kapi-icin-fitil-1-sinif-2001-2007","status":"publish","type":"product","link":"https:\/\/www.mondeoturkiye.com\/?product=mondeo-mk3-4-kapi-icin-fitil-1-sinif-2001-2007","title":{"rendered":"MONDEO MK3 4 KAPI \u0130\u00c7\u0130N F\u0130T\u0130L 1. SINIF 2001-2007"},"content":{"rendered":"<p><strong>MONDEO 2001-2007 MODELLER ARASI \u0130\u00c7\u0130N UYUMLUDUR.<\/strong><\/p>\n<p><strong>KAPI TUTAN METAL SACLARI B\u0130R\u0130NC\u0130 SINIFTIR. GEV\u015eEME YAPMAZ.<\/strong><\/p>\n<p><strong>KAU\u00c7\u00c7UK F\u0130T\u0130L KISMI KOKU YAPMAZ 1. SINIF MALZEMEDEN \u00dcRET\u0130LM\u0130\u015eT\u0130R.<\/strong><\/p>\n<p><strong>ARACA B\u0130REB\u0130R UYUM SA\u011eLAMAKTADIR.<\/strong><\/p>\n<p><strong>DI\u015e R\u00dcZGAR SES\u0130N\u0130 Y\u00dcZDE 30 ORANIN DA AZALTIR.<\/strong><\/p>\n<p><strong>SU KANALARI SAYES\u0130N DE ARA\u00c7 \u0130\u00c7\u0130NE G\u0130RMES\u0130N\u0130 ENGELLER.<\/strong><\/p>\n<p><iframe title=\"YouTube video player\" src=\"https:\/\/www.youtube.com\/embed\/4HAiiTNJG-Y\" width=\"560\" height=\"315\" frameborder=\"0\" allowfullscreen=\"allowfullscreen\"><\/iframe><\/p>\n","protected":false},"excerpt":{"rendered":"<p>MONDEO 2001-2007 MODELLER ARASI \u0130\u00c7\u0130N UYUMLUDUR. KAPI TUTAN METAL SACLARI B\u0130R\u0130NC\u0130 SINIFTIR. GEV\u015eEME YAPMAZ. KAU\u00c7\u00c7UK F\u0130T\u0130L KISMI KOKU YAPMAZ 1. SINIF MALZEMEDEN \u00dcRET\u0130LM\u0130\u015eT\u0130R. ARACA B\u0130REB\u0130R UYUM SA\u011eLAMAKTADIR. DI\u015e R\u00dcZGAR SES\u0130N\u0130 Y\u00dcZDE 30 ORANIN DA AZALTIR. SU KANALARI SAYES\u0130N DE ARA\u00c7 \u0130\u00c7\u0130NE G\u0130RMES\u0130N\u0130 ENGELLER.<\/p>\n","protected":false},"featured_media":343,"comment_status":"open","ping_status":"closed","template":"","meta":{"_joinchat":[]},"product_brand":[],"product_cat":[41],"product_tag":[],"class_list":{"0":"post-342","1":"product","2":"type-product","3":"status-publish","4":"has-post-thumbnail","6":"product_cat-mondeo-2-yedek-parca","8":"first","9":"instock","10":"shipping-taxable","11":"purchasable","12":"product-type-simple"},"jetpack_sharing_enabled":true,"_links":{"self":[{"href":"https:\/\/www.mondeoturkiye.com\/index.php?rest_route=\/wp\/v2\/product\/342","targetHints":{"allow":["GET"]}}],"collection":[{"href":"https:\/\/www.mondeoturkiye.com\/index.php?rest_route=\/wp\/v2\/product"}],"about":[{"href":"https:\/\/www.mondeoturkiye.com\/index.php?rest_route=\/wp\/v2\/types\/product"}],"replies":[{"embeddable":true,"href":"https:\/\/www.mondeoturkiye.com\/index.php?rest_route=%2Fwp%2Fv2%2Fcomments&post=342"}],"wp:featuredmedia":[{"embeddable":true,"href":"https:\/\/www.mondeoturkiye.com\/index.php?rest_route=\/wp\/v2\/media\/343"}],"wp:attachment":[{"href":"https:\/\/www.mondeoturkiye.com\/index.php?rest_route=%2Fwp%2Fv2%2Fmedia&parent=342"}],"wp:term":[{"taxonomy":"product_brand","embeddable":true,"href":"https:\/\/www.mondeoturkiye.com\/index.php?rest_route=%2Fwp%2Fv2%2Fproduct_brand&post=342"},{"taxonomy":"product_cat","embeddable":true,"href":"https:\/\/www.mondeoturkiye.com\/index.php?rest_route=%2Fwp%2Fv2%2Fproduct_cat&post=342"},{"taxonomy":"product_tag","embeddable":true,"href":"https:\/\/www.mondeoturkiye.com\/index.php?rest_route=%2Fwp%2Fv2%2Fproduct_tag&post=342"}],"curies":[{"name":"wp","href":"https:\/\/api.w.org\/{rel}","templated":true}]}}